What is the greatest common factor of 846 and 796509?
423
What is the greatest common divisor of 138964 and 196?
196
What is the highest common factor of 134712 and 112?
8
Calculate the greatest common divisor of 109 and 467.
1
Calculate the greatest common divisor of 905790 and 10.
10
Calculate the greatest common divisor of 177 and 35787.
3
Calculate the greatest common divisor of 2400088 and 43.
43
What is the greatest common factor of 382573 and 382?
191
What is the greatest common divisor of 344 and 2484884?
172
What is the greatest common divisor of 506 and 25014?
22
Calculate the greatest common divisor of 147455 and 385.
385
Calculate the greatest common factor of 50 and 166625.
25
What is the highest common divisor of 104 and 712?
8
Calculate the highest common factor of 15040 and 6272.
64
Calculate the greatest common divisor of 33549 and 424.
53
What is the highest common divisor of 2998008 and 312?
312
What is the greatest common factor of 1469 and 380923?
113
Calculate the highest common divisor of 70605 and 2295.
135
Calculate the highest common divisor of 12202673 and 161.
161
What is the highest common factor of 24648 and 84?
12
Calculate the greatest common divisor of 40 and 625.
5
Calculate the highest common factor of 1026 and 9082.
38
Calculate the greatest common divisor of 22422 and 703.
37
What is the greatest common factor of 566766 and 414?
414
What is the greatest common factor of 15476 and 1060?
212
Calculate the highest common divisor of 88 and 4378220.
44
What is the highest common divisor of 3 and 52229?
1
Calculate the highest common factor of 255 and 173955.
15
What is the highest common divisor of 379168 and 16?
16
Calculate the greatest common factor of 152 and 5491.
19
Calculate the greatest common divisor of 90 and 163356.
6
Calculate the greatest common divisor of 28480 and 2560.
320
What is the greatest common factor of 208 and 17576?
104
What is the highest common divisor of 77182 and 32333?
1043
What is the greatest common factor of 26 and 44356?
26
What is the highest common factor of 116 and 499844?
116
What is the greatest common divisor of 1581694 and 262?
262
Calculate the highest common factor of 18944 and 88.
8
Calculate the greatest common divisor of 17577 and 107163.
567
What is the greatest common divisor of 1356 and 5316?
12
Calculate the greatest common factor of 24 and 1872960.
24
What is the greatest common divisor of 2126 and 3366521?
1063
Calculate the greatest common divisor of 21490 and 455.
35
What is the greatest common factor of 1817 and 395?
79
What is the greatest common divisor of 317278 and 26?
26
Calculate the highest common factor of 237220 and 4930.
290
What is the highest common divisor of 266568 and 870?
174
Calculate the highest common divisor of 11478 and 3.
3
What is the greatest common divisor of 2 and 80603?
1
Calculate the greatest common factor of 24 and 117996.
12
What is the highest common factor of 522 and 2529?
9
What is the highest common divisor of 1407056 and 408?
136
What is the greatest common divisor of 35200 and 64?
64
Calculate the greatest common factor of 420 and 500.
20
Calculate the greatest common factor of 4672 and 976.
16
What is the greatest common factor of 2037123 and 396?
99
Calculate the highest common factor of 456 and 98553.
57
Calculate the greatest common divisor of 6884 and 4.
4
Calculate the greatest common divisor of 744 and 1000.
8
Calculate the highest common factor of 107352 and 168.
168
Calculate the highest common divisor of 816296 and 52.
52
Calculate the highest common factor of 19276 and 4636.
244
What is the greatest common divisor of 55 and 330979?
11
Calculate the highest common divisor of 1287 and 450021.
429
Calculate the highest common factor of 259041 and 948.
237
What is the greatest common factor of 7632 and 2007?
9
What is the highest common divisor of 854 and 67326?
14
What is the greatest common divisor of 61542 and 4446?
234
Calculate the greatest common factor of 113631 and 2793.
147
What is the highest common divisor of 47991 and 255?
51
What is the highest common divisor of 19516 and 3808?
476
Calculate the greatest common factor of 670 and 7906.
134
Calculate the greatest common divisor of 66546 and 72.
18
Calculate the highest common factor of 2403 and 918.
27
What is the highest common divisor of 615 and 21574815?
615
Calculate the greatest common divisor of 3909 and 129.
3
What is the highest common divisor of 35 and 99295?
35
Calculate the highest common divisor of 22757 and 35.
7
What is the greatest common factor of 24 and 37068?
12
Calculate the highest common divisor of 35 and 56.
7
What is the greatest common divisor of 17402 and 308?
154
Calculate the highest common factor of 596830 and 520.
130
Calculate the highest common factor of 64786 and 406.
58
Calculate the highest common factor of 100998 and 18.
18
Calculate the greatest common factor of 121 and 132539.
11
What is the greatest common divisor of 36 and 191898?
18
What is the greatest common divisor of 273 and 11648?
91
Calculate the highest common factor of 112 and 193256.
56
What is the greatest common divisor of 19 and 196156?
19
What is the highest common factor of 17120 and 4640?
160
Calculate the highest common factor of 46252 and 124.
124
What is the greatest common divisor of 18894 and 2350?
94
Calculate the greatest common divisor of 2370 and 1280.
10
What is the highest common factor of 170344 and 6848?
856
Calculate the highest common divisor of 20650 and 854.
14
Calculate the highest common factor of 31200 and 572.
52
What is the highest common divisor of 2376 and 16038?
594
Calculate the highest common divisor of 40 and 221570.
10
Calculate the highest common divisor of 2439 and 576.
9
Calculate the greatest common divisor of 410 and 94.
2
What is the greatest common factor of 1342 and 244?
122
Calculate the highest common divisor of 304 and 55744.
16
Calculate the greatest common factor of 650 and 18395.
65
What is the highest common factor of 28423 and 129?
43
What is the highest common divisor of 121 and 3212?
11
Calculate the greatest common factor of 80 and 118120.
40
Calculate the highest common divisor of 417796 and 2384.
596
What is the greatest common factor of 40008 and 24?
24
Calculate the greatest common divisor of 1281 and 3948.
21
What is the greatest common factor of 17056 and 493792?
416
What is the highest common factor of 3780240 and 608?
304
Calculate the highest common factor of 117985 and 70.
35
What is the highest common divisor of 4046 and 168?
14
Calculate the greatest common divisor of 450 and 1116150.
150
What is the greatest common divisor of 2536025 and 1900?
475
Calculate the highest common divisor of 4480 and 127360.
640
What is the greatest common divisor of 674609 and 13?
13
Calculate the greatest common divisor of 230625 and 135.
45
What is the greatest common factor of 1364 and 12772?
124
What is the greatest common divisor of 4690 and 175?
35
Calculate the greatest common divisor of 689185 and 1160.
145
Calculate the greatest common divisor of 7955 and 1849.
43
What is the greatest common factor of 3368 and 752?
8
Calculate the greatest common factor of 966 and 1222473.
483
Calculate the greatest common divisor of 11210 and 114.
38
Calculate the greatest common divisor of 658 and 2234568.
658
Calculate the greatest common factor of 7170 and 540.
30
What is the greatest common divisor of 54 and 4987062?
54
What is the greatest common divisor of 6004 and 94316?
76
What is the greatest common factor of 1482 and 22334?
26
What is the greatest common divisor of 86264 and 17884?
1052
What is the highest common divisor of 36 and 2609289?
9
Calculate the greatest common factor of 42 and 9436.
14
Calculate the greatest common divisor of 1037372 and 224.
28
Calculate the greatest common factor of 48659 and 788.
197
Calculate the highest common factor of 6 and 2878.
2
What is the highest common divisor of 48 and 207768?
24
Calculate the highest common divisor of 14883 and 2829.
123
What is the greatest common factor of 718 and 4003568?
718
What is the highest common divisor of 1144484 and 66?
22
What is the greatest common divisor of 390 and 651?
3
What is the greatest common factor of 721 and 19033?
7
Ca